0 + -213030331?
-213031021
In base 7, what is 12335 + -2435?
6600
In base 3, what is 2112222112 + 2?
2112222121
In base 9, what is 4 - 1665700?
-1665685
In base 7, what is 501 - 316?
152
In base 6, what is -434 + -30?
-504
In base 13, what is -5 + 1106b?
11066
In base 2, what is -1001000 + -1010110?
-10011110
In base 4, what is 0 + -103211331?
-103211331
In base 4, what is -1330 - 1020?
-3010
In base 11, what is -1a - 157443?
-157462
In base 8, what is 1674 - -32?
1726
In base 14, what is 38d58 - -1?
38d59
In base 9, what is 11082 - 6?
11075
In base 16, what is a + 5d927?
5d931
In base 11, what is -24813 - -1?
-24812
In base 4, what is -10 + 2321211?
2321201
In base 11, what is 3 + 39477?
3947a
In base 9, what is -237585 - -10?
-237575
In base 10, what is 675 + -128?
547
In base 16, what is 0 - 8b52?
-8b52
In base 13, what is -5 - 148a?
-1492
In base 8, what is -1076 + 32213?
31115
In base 14, what is -48d + -15b?
-60a
In base 11, what is 993 + -57?
937
In base 15, what is 4 - 27d?
-279
In base 8, what is -2630 + -2?
-2632
In base 4, what is 3123 + -10311?
-1122
In base 4, what is -10122123232 + 2?
-10122123230
In base 14, what is -3355d + -3?
-33562
In base 7, what is 1520666 - 5?
1520661
In base 3, what is -10 + 1121001122?
1121001112
In base 13, what is 796 - -329?
ac2
In base 4, what is 20 + -11110212?
-11110132
In base 2, what is -111110101 + 11111?
-111010110
In base 4, what is -1 + -3023233?
-3023300
In base 14, what is 109b - 11?
108a
In base 12, what is -2 - -5b08?
5b06
In base 12, what is -2a58a + -3?
-2a591
In base 13, what is 18c + -57?
135
In base 6, what is -10035 - 13114?
-23153
In base 10, what is 38 + 2619?
2657
In base 16, what is -4 + 1e72?
1e6e
In base 14, what is a42 - -6?
a48
In base 11, what is -47513 + 0?
-47513
In base 6, what is -10 + -222021?
-222031
In base 6, what is 33530305 - 3?
33530302
In base 8, what is 6 - -37525?
37533
In base 4, what is 33211003 + 10?
33211013
In base 2, what is 100001011100 - -101000?
100010000100
In base 16, what is -17a6 - 65?
-180b
In base 6, what is -25311 + -1?
-25312
In base 10, what is -1 + 6869?
6868
In base 7, what is -1 + 1033565?
1033564
In base 14, what is d3 + -2a7?
-1b4
In base 12, what is -9219 + 39?
-91a0
In base 13, what is -12c210 + -3?
-12c213
In base 14, what is 483 - 9a?
3c7
In base 16, what is 0 - -4033?
4033
In base 14, what is 344 - 20?
324
In base 14, what is 25aa - -8?
25b4
In base 15, what is -9a + 3b56?
3aab
In base 3, what is 2022211021 + 210?
2022212001
In base 2, what is -10 + 1111010101110010?
1111010101110000
In base 10, what is -34 - 36?
-70
In base 6, what is 132421 + 24?
132445
In base 14, what is 2 + -413b84?
-413b82
In base 7, what is 62554 - -3?
62560
In base 9, what is -45085 - 5?
-45101
In base 15, what is -16ac - -1b?
-1691
In base 2, what is -100 - -100000011101011110111?
100000011101011110011
In base 8, what is -401 - 127?
-530
In base 13, what is c + -19c0?
-19b1
In base 7, what is -24662 + -45?
-25040
In base 9, what is 0 + -20655?
-20655
In base 15, what is 962 + 12?
974
In base 15, what is -7e59 - 5?
-7e5e
In base 12, what is -283a209 - 0?
-283a209
In base 14, what is 7 - 153c?
-1535
In base 12, what is -342 - -172?
-190
In base 9, what is 8 - 7764?
-7755
In base 15, what is -8 - -1ed?
1e5
In base 16, what is -2 - -2663?
2661
In base 11, what is 15a9 + -65?
1544
In base 13, what is -934a + -7?
-9354
In base 14, what is 14c76 + 7?
14c7d
In base 13, what is -4 + -2134?
-2138
In base 15, what is -564 + -17?
-57b
In base 11, what is -60 - 3659?
-3709
In base 2, what is 110 + 101010010101110?
101010010110100
In base 16, what is 51 + 73e8?
7439
In base 14, what is -1 - -112670?
11266d
In base 9, what is -5 + 2320310?
2320304
In base 9, what is 73608 - 5?
73603
In base 7, what is 1 + 12005?
12006
In base 9, what is 116824 - -2?
116826
In base 9, what is 17504 + 1?
17505
In base 14, what is -cc + -191?
-27d
In base 4, what is 130 + 210022?
210212
In base 14, what is -274c + 5?
-2747
In base 14, what is 0 + 16a?
16a
In base 14, what is -6 + 309d4?
309cc
In base 7, what is -20614 - 205?
-21122
In base 4, what is -12123203 + -20?
-12123223
In base 10, what is -3205 + -162?
-3367
In base 7, what is 42642 - -253?
43225
In base 6, what is -1015331 - -14?
-1015313
In base 7, what is -113 + 2113?
2000
In base 3, what is 10 - 2010001202?
-2010001122
In base 5, what is -102330 - -313?
-102012
In base 6, what is -350342 - -12?
-350330
In base 13, what is -b + -7c52?
-7c60
In base 7, what is 3 - 4323136?
-4323133
In base 15, what is -6d - 3338?
-33a6
In base 10, what is 32893 - -118?
33011
In base 4, what is -2202012 - 10?
-2202022
In base 13, what is -42 - -189b?
1859
In base 8, what is 36002 + 1?
36003
In base 5, what is 14311240 + 1?
14311241
In base 7, what is 2 - -114045?
114050
In base 11, what is -934 + -aa3?
-1927
In base 14, what is -162ba8 + 4?
-162ba4
In base 2, what is -11010 - -110010011100?
110010000010
In base 12, what is -5174a + -11?
-5175b
In base 3, what is 1212 - 110212101?
-110210112
In base 14, what is 16a4 + 81?
1745
In base 12, what is 2797 + -a7?
26b0
In base 12, what is 1 - -78963?
78964
In base 5, what is -121 + -202?
-323
In base 2, what is 10101000 + 100010111?
110111111
In base 12, what is 18a3 + -a5?
17ba
In base 3, what is 10012100 - 202002?
2110021
In base 9, what is -56348 + -21?
-56370
In base 10, what is -2883074 + -3?
-2883077
In base 10, what is 329 - 1074?
-745
In base 15, what is 102c8 - -5?
102cd
In base 3, what is -20002 + 21?
-12211
In base 4, what is -121 + 101303?
101122
In base 4, what is -1021012 + -22021?
-1103033
In base 10, what is 1 - 215373?
-215372
In base 3, what is 10220112 - -1110020?
12100202
In base 12, what is 10 + 1b335b?
1b336b
In base 3, what is 121 + -10110212011?
-10110211120
In base 6, what is 35313 - -54?
35411
In base 8, what is -1370 + 121?
-1247
In base 16, what is 22df + 1a?
22f9
In base 7, what is -10 + -2164?
-2204
In base 8, what is -1213436 + 3?
-1213433
In base 6, what is -401 + 14?
-343
In base 14, what is 9a5 + -28?
97b
In base 12, what is 3 + -1062a9?
-1062a6
In base 10, what is 2 - -3273?
3275
In base 10, what is 3251 - 2?
3249
In base 12, what is -5909b - -6?
-59095
In base 11, what is -16587 - 0?
-16587
In base 12, what is -26838 - 17?
-26853
In base 13, what is -39941 + 0?
-39941
In base 13, what is 0 - -160a8c?
160a8c
In base 12, what is b2 + 10?
102
In base 16, what is 2b + -cd?
-a2
In base 15, what is -17c1c + -4?
-17c21
In base 2, what is 100000010000 + 100000?
100000110000
In base 6, what is 522552342 + -3?
522552335
In base 8, what is 11 + 27703?
27714
In base 13, what is 5 + -530ab?
-530a6
In base 10, what is -1 + 19586?
19585
In base 12, what is -10 - 4893?
-48a3
In base 9, what is -11 + -12025?
-12036
In base 10, what is 8506 + -3?
8503
In base 15, what is -1 - 7618?
-7619
In base 10, what is 3484 - 7?
3477
In base 12, what is 1060 - -97a?
1a1a
In base 12, what is 501a5 + 1?
501a6
In base 4, what is -10 - -2223301?
2223231
In base 16, what is -25 - -39e1?
39bc
In base 10, what is 265 - -185?
450
In base 9, what is 4 - -17871?
17875
In base 16, what is 1030b - -5?
10310
In base 10, what is 4 - 1210785?
-1210781
In base 4, what is -2333131 - 311?
-3000102
In base 14, what is 27 + -4b15?
-4acc
In base 9, what is -6 - 118318?
-118325
In base 6, what is -13444255 - -2?
-13444253
In base 2, what is 11101010011101 - 1001?
11101010010100
In base 14, what is -2 + 2cda7?
2cda5
In base 4, what is -132331 - -130032?
-2233
In base 11, what is -2244 + 10?
-2234
In base 9, what is 25724 - -138?
25863
In base 15, what is -47c5 + -22a?
-4a00
In base 9, what is -11 - -465?
454
In base 9, what is 15538 + 0?
15538
In base 10, what is -8 - -169?
161
In base 4, what is -21130 - -1320?
-13210
In base 10, what is 85684 + -5?
85679
In base 2, what is -110011110 + -110011000?
-1100110110
In base 5, what is -3044 + 100032?
41433
In base 8, what is -74002 + 5?
-73775
In base 9, what is 2 - 1782436?
-1782434
In base 5, what is 30 - 212010?
-211430
In base 7, what is -130 - 14?
-144
In base 5, what is 23231242 - -22?
23231314
In base 14, what is -d - -383c6?
383b7
In base 9, what is -1 - 4053806?
-4053807
In base 11, what is -21090 - -1?
-2108a
In base 11, what is -21 - -2499?
2478
In base 8, what